t z(d) = -132*d**2 + 1720*d - 53. Give z(13).
-1
Let o(y) = 614*y + 5500. What is o(-9)?
-26
Let k(b) = 1041*b + 1. Calculate k(0).
1
Let w(g) = -11*g**2 - 93*g - 35. Give w(-8).
5
Let r(c) = 10*c + 164. What is r(-27)?
-106
Let b(h) = -h**3 + 29*h**2 - 207*h + 154. Give b(11).
55
Let v(p) = p**3 - 12*p**2 - 45*p + 563. Give v(11).
-53
Let n(g) = 12*g**2 - 602*g + 111. Calculate n(50).
11
Let l(w) = w**3 + 3*w**2 - 116*w - 534. What is l(-5)?
-4
Let d(v) = -v**2 - 21*v - 68. Calculate d(-11).
42
Let c(h) = -2*h**2 + 24*h + 9735. What is c(76)?
7
Let k(s) = -2*s**2 + 36*s + 91. What is k(20)?
11
Let m(n) = 11*n - 245. Determine m(22).
-3
Let v(j) = 2*j**3 - 47*j**2 - 31*j + 162. What is v(24)?
-6
Let q(s) = s**3 + 34*s**2 - 38*s - 116. Calculate q(-35).
-11
Let l(u) = 29*u - 440. Calculate l(14).
-34
Let g(h) = 327*h + 41204. Calculate g(-126).
2
Let g(n) = -267*n - 17886. Give g(-67).
3
Let g(k) = 83*k - 5678. What is g(68)?
-34
Let n(r) = r**2 + 33*r - 112. What is n(-32)?
-144
Let h(z) = -3*z**3 - 6*z**2 + 4*z + 11. Give h(-2).
3
Let u(f) = 3*f**2 - 5*f - 12. Give u(-2).
10
Let q(h) = -5*h**2 - 78*h + 90. Calculate q(-17).
-29
Let h(z) = -184*z - 11044. Calculate h(-60).
-4
Let o(x) = -233*x + 479. Calculate o(3).
-220
Let d(x) = 2*x**3 + 19*x**2 + 37*x - 28. Calculate d(-6).
2
Let v(t) = -4*t**3 + 29*t**2 - 15*t + 57. Give v(7).
1
Let n(p) = -68*p - 546. Determine n(-9).
66
Let z(v) = v**3 + 9*v**2 - 21*v - 68. Calculate z(-10).
42
Let k(f) = f**3 + 22*f**2 + 17*f - 22. Determine k(-6).
452
Let f(i) = 1236*i - 1251. What is f(1)?
-15
Let v(x) = x**3 - 12*x**2 - 27*x - 7. Give v(14).
7
Let p(y) = -9*y**2 + 15*y + 16. Determine p(-4).
-188
Let x(h) = h**3 - 28*h**2 - 483*h - 38. Calculate x(-12).
-2
Let z(k) = k**2 + 531*k + 18266. Determine z(-37).
-12
Let l(k) = k**3 + 8*k**2 - 42*k - 227. Determine l(-9).
70
Let d(k) = 67*k - 433. Calculate d(6).
-31
Let y(u) = -u**3 - 16*u**2 + 14*u + 239. What is y(-16)?
15
Let p(f) = f**3 + 2*f**2 + 25*f + 109. What is p(-3)?
25
Let h(x) = x**3 + 11*x**2 + 45*x + 250. What is h(-9)?
7
Let o(f) = -4*f**2 + 28*f + 4. What is o(7)?
4
Let r(b) = b**3 - 2*b**2 - 3*b - 5. Give r(-2).
-15
Let c(f) = -1666*f - 8328. Give c(-5).
2
Let s(h) = -h**2 - 40*h - 170. What is s(-5)?
5
Let n(w) = -357*w - 91. What is n(0)?
-91
Let x(j) = j**3 + 128*j**2 + 488*j - 987. Give x(-124).
5
Let d(z) = -2321*z + 201926. Give d(87).
-1
Let m(s) = -101*s - 613. Calculate m(-4).
-209
Let n(y) = -y**3 - 23*y**2 + 5*y + 112. What is n(-23)?
-3
Let b(j) = j**2 + 174*j + 3957. Give b(-29).
-248
Let h(p) = -p**2 + 191*p + 2431. Give h(-12).
-5
Let m(t) = t**2 + 52*t + 517. Calculate m(-38).
-15
Let d(k) = 677*k + 6116. Determine d(-9).
23
Let g(w) = 187*w - 2066. Give g(11).
-9
Let i(l) = l**2 - 74*l + 379. Determine i(5).
34
Let v(m) = 785*m - 143647. Give v(183).
8
Let w(i) = 2*i**3 - 37*i**2 + 156*i + 4. Give w(12).
4
Let h(x) = -2*x**3 - 38*x**2 - 100*x - 64. Calculate h(-16).
0
Let w(n) = 137*n - 68. Determine w(1).
69
Let d(q) = -590*q + 768. Give d(1).
178
Let z(b) = b**3 - 10*b**2 + 34*b - 23. Calculate z(1).
2
Let g(k) = k**3 - 20*k**2 - 40*k - 92. Determine g(22).
-4
Let l(o) = 18*o - 308. What is l(26)?
160
Let k(f) = -41*f + 104. Give k(5).
-101
Let l(s) = -31*s - 590. Calculate l(-20).
30
Let s(x) = -3*x**2 - 57*x - 200. Give s(-14).
10
Let t(u) = 60*u - 8346. What is t(139)?
-6
Let r(a) = a**2 - 34*a - 87. Determine r(27).
-276
Let v(y) = -4*y**3 + 3*y**2 - 19*y + 3. Determine v(0).
3
Let z(l) = -l**2 + 13*l + 134. Calculate z(-7).
-6
Let p(o) = -o**3 + 15*o**2 - 45*o + 59. What is p(11)?
48
Let l(a) = -163*a - 36. Calculate l(-6).
942
Let x(w) = w**3 - 17*w**2 - 91*w + 145. What is x(21)?
-2
Let g(l) = 5*l**3 - 34*l**2 - 11*l + 13. Give g(8).
309
Let p(w) = -w**3 - 12*w**2 - 196. Calculate p(-13).
-27
Let n(j) = j**3 + 46*j**2 + 26*j - 879. Give n(-45).
-24
Let m(z) = 92*z**3 + 16*z**2 - 15*z - 2. What is m(1)?
91
Let b(x) = -15*x - 445. Calculate b(-38).
125
Let k(h) = 55*h + 824. Calculate k(-15).
-1
Let g(k) = -k**2 - 2*k - 184. Determine g(0).
-184
Let n(b) = 76*b**2 - 156*b - 308. Give n(-2).
308
Let p(a) = -2*a**3 - 8*a**2 + 12*a + 13. Calculate p(-7).
223
Let x(l) = -2*l**3 + 111*l**2 - 57*l + 169. Calculate x(55).
59
Let p(u) = -2*u**2 - 53*u - 377. Calculate p(-30).
-587
Let g(f) = 4*f + 236. Determine g(-19).
160
Let n(r) = -443*r - 6684. Give n(-15).
-39
Let h(g) = -2*g**3 + 93*g**2 + 46*g - 111. What is h(47)?
-158
Let c(a) = 102*a - 584. Calculate c(6).
28
Let o(f) = -9*f**2 + 10*f - 28. Calculate o(5).
-203
Let s(a) = 5*a**2 - 111*a + 81. What is s(19)?
-223
Let h(s) = -s**3 - 9*s**2 + 22*s + 189. Calculate h(-5).
-21
Let z(d) = -3*d**3 + 8*d**2 + 9*d - 34. Calculate z(3).
-16
Let m(f) = 23*f - 994. Calculate m(34).
-212
Let q(a) = -a**2 + 14*a + 623. Calculate q(19).
528
Let p(b) = 7*b**2 + 781*b + 439. Calculate p(-111).
-5
Let d(t) = 14*t - 148. What is d(5)?
-78
Let d(a) = -7*a**3 - a**2 - 137*a + 412. Calculate d(3).
-197
Let o(y) = -430*y + 398. What is o(3)?
-892
Let i(d) = 600*d + 6006. Give i(-10).
6
Let h(x) = -x**3 - 18*x**2 + 25*x + 31. Give h(-19).
-83
Let k(c) = c**3 - 30*c**2 - 30*c - 224. Calculate k(31).
-193
Let d(y) = -74*y**3 - y**2 - 2*y + 4. Calculate d(1).
-73
Let k(d) = 36*d - 742. What is k(21)?
14
Let s(l) = 771*l + 39315. Calculate s(-51).
-6
Let d(o) = o**2 - 19*o + 116. Give d(16).
68
Let p(y) = -y**2 + 319*y - 14938. What is p(57)?
-4
Let y(b) = -13*b**2. Calculate y(-2).
-52
Let i(r) = 172*r - 1. Give i(1).
171
Let k(i) = -i**3 + 61*i**2 + 205*i - 840. Give k(64).
-8
Let c(n) = -171*n + 1042. Give c(6).
16
Let y(o) = 1140*o + 1137. Determine y(-1).
-3
Let m(y) = -11*y**3 + 165*y**2 - 8*y + 35. Calculate m(15).
-85
Let m(h) = -h**3 + 27*h**2 + 11*h - 340. What is m(27)?
-43
Let j(f) = 3*f**2 + 203*f + 1588. Give j(-9).
4
Let n(f) = -f**2 + f + 608. Determine n(-28).
-204
Let s(p) = -208*p - 861. Determine s(-4).
-29
Let v(h) = h**3 + 40*h**2 + 174*h + 22. Calculate v(-35).
57
Let b(r) = 16*r**2 + 274*r + 21. Calculate b(-17).
-13
Let b(j) = -215*j + 1991. What is b(9)?
56
Let w(d) = -4*d**3 - 24*d**2 - 4*d + 9. Calculate w(-6).
33
Let i(x) = x**3 + 23*x**2 - 60*x - 253. What is i(-25)?
-3
Let k(d) = d**2 + 37*d - 24. Give k(-29).
-256
Let f(w) = -21*w - 277. Give f(-10).
-67
Let y(l) = l**2 + 68*l - 1285. Determine y(-89).
584
Let u(q) = q**3 - 37*q**2 - 75*q - 138. Give u(39).
-21
Let p(q) = 2*q**3 - 55*q**2 - 32*q - 9. Calculate p(28).
-121
Let k(q) = -13*q**2 + 132*q - 130. Give k(9).
5
Let b(n) = -n**2 - 4*n + 303. Give b(0).
303
Let l(p) = -134*p + 2144. What is l(16)?
0
Let x(b) = -2*b**3 + 10*b**2 - 2554*b + 15404. What is x(6)?
8
Let v(o) = 2*o**2 - 29*o + 71. Calculate v(16).
119
Let j(c) = -5*c**2 + 43*c - 47. Calculate j(8).
-23
Let c(h) = -233*h + 236. Give c(1).
3
Let g(i) = i**2 - 421*i - 2128. Give g(-5).
2
Let s(i) = i**3 - 15*i**2 - 82*i + 111. Calculate s(19).
-3
Let m(n) = -3*n**2 - 272*n - 2958. Calculate m(-78).
6
Let w(a) = -a**3 - 98*a**2 - 467*a - 45. What is w(-5)?
-35
Let j(d) = -101*d - 11647. Give j(-115).
-32
Let a(b) = b**3 + 4*b**2 - 89*b + 152. Give a(6).
-22
Let q(f) = -f**3 + 23*f**2 + 26*f - 57. What is q(24)?
-9
Let m(j) = -50*j + 77. Determine m(7).
-273
Let j(p) = 71*p + 7181. Calculate j(-100).
81
Let f(k) = -2*k**2 - 148*k - 1172. What is f(-65)?
-2
Let d(k) = -2*k**2 - 73*k + 120. Calculate d(-38).
6
Let z(t) = -t - 86. Determine z(-81).
-5
Let m(g) = -11*g**2 - 495*g - 69. Determine m(-45).
-69
Let k(m) = 5*m**3 - 76*m**2 - 377*m + 25. What is k(-4)?
-3
Let z(u) = 4*u**2 - 23*u + 30. Determine z(4).
2
Let d(o) = 8*o - 403. Give d(45).
-43
Let l(n) = -15*n - 1397. Give l(-93).
-2
Let r(f) = -400*f + 2443. Give r(6).
43
Let f(i) = 42*i**2 - 286*i - 54. Give f(7).
2
Let y(q) = -q**3 - 48*q**2 + 381*q - 60. Give y(-55).
160
Let x(p) = p**2 - 17*p - 620. What is x(35)?
10
Let a(o) = 3*o**3 + 159*o**2 + 303*o - 140. Determine a(-51).
13
Let m(k) = 28*k**3 + k**2 - 44*k + 42. Determine m(1).
27
Let r(c) = c**3 + 8*c**2 - 4*c - 26. Give r(-4).
54
Let m(j) = 8*j + 83. Give m(-14).
-29
Let u(q) = q**3 + 10*q**2 + 33*q + 79. Give u(-6).
25
Let u(z) = 4*z**2 - 53*z + 133. Calculate u(11).
34
Let q(n) = n**2 + 42*n - 308. Determine q(6).
-20
Le